11) to base 8
17
1110 (base 4) to base 14
60
What is -21 (base 6) in base 16?
-d
33 (base 10) to base 16
21
-244 (base 5) to base 11
-68
4 (base 13) to base 14
4
-111 (base 2) to base 12
-7
Convert 4 (base 6) to base 8.
4
Convert -26 (base 10) to base 14.
-1c
What is 3313 (base 4) in base 15?
117
What is -2200 (base 3) in base 11?
-66
Convert 0 (base 15) to base 3.
0
Convert 42 (base 5) to base 13.
19
Convert 1 (base 4) to base 11.
1
What is 12 (base 16) in base 4?
102
-24 (base 5) to base 12
-12
What is -1 (base 9) in base 8?
-1
What is 111001 (base 2) in base 13?
45
58 (base 11) to base 6
143
Convert -20010 (base 3) to base 5.
-1130
3 (base 4) to base 12
3
Convert 1101 (base 2) to base 16.
d
4 (base 6) to base 8
4
What is 57 (base 12) in base 2?
1000011
What is 1 (base 10) in base 13?
1
What is -30 (base 13) in base 16?
-27
162 (base 12) to base 10
218
Convert a5 (base 12) to base 9.
148
32 (base 13) to base 4
221
What is -2 (base 11) in base 13?
-2
What is -15 (base 6) in base 14?
-b
What is 21111 (base 3) in base 11?
174
422 (base 6) to base 8
236
What is -1 (base 15) in base 14?
-1
What is 0 (base 14) in base 8?
0
What is -11 (base 16) in base 3?
-122
What is 510 (base 9) in base 11?
347
What is 31 (base 15) in base 9?
51
105 (base 8) to base 11
63
0 (base 15) to base 12
0
d (base 14) to base 6
21
What is 105 (base 8) in base 9?
76
-6 (base 13) to base 6
-10
Convert -7 (base 10) to base 7.
-10
Convert -1000 (base 2) to base 13.
-8
111 (base 4) to base 15
16
Convert 13 (base 11) to base 8.
16
-31 (base 6) to base 15
-14
10 (base 7) to base 8
7
What is 21 (base 8) in base 12?
15
135 (base 9) to base 3
11012
-8 (base 9) to base 6
-12
What is -12 (base 11) in base 14?
-d
Convert -1 (base 13) to base 2.
-1
Convert -5 (base 14) to base 9.
-5
What is -12 (base 6) in base 5?
-13
12 (base 11) to base 9
14
-1 (base 14) to base 4
-1
What is 12 (base 9) in base 4?
23
-13 (base 4) to base 8
-7
-10 (base 7) to base 4
-13
Convert 81 (base 9) to base 3.
2201
2 (base 7) to base 12
2
What is 2d (base 16) in base 8?
55
Convert 1 (base 7) to base 3.
1
What is -2 (base 15) in base 2?
-10
Convert 1 (base 9) to base 11.
1
65 (base 16) to base 10
101
Convert 10 (base 15) to base 6.
23
Convert 3 (base 9) to base 16.
3
-132 (base 6) to base 7
-110
-1 (base 10) to base 14
-1
Convert -31 (base 7) to base 15.
-17
7 (base 11) to base 7
10
0 (base 5) to base 7
0
Convert be (base 16) to base 5.
1230
-2 (base 7) to base 10
-2
What is -2 (base 5) in base 2?
-10
What is 8 (base 14) in base 15?
8
What is -10 (base 2) in base 16?
-2
Convert -8 (base 15) to base 2.
-1000
What is c2 (base 13) in base 7?
314
13 (base 15) to base 14
14
Convert -1 (base 2) to base 8.
-1
2 (base 12) to base 2
10
-110 (base 6) to base 11
-39
What is 11001 (base 2) in base 12?
21
What is -105 (base 9) in base 7?
-152
Convert -142 (base 5) to base 11.
-43
What is 10100010 (base 2) in base 15?
ac
-12 (base 13) to base 3
-120
What is -17 (base 9) in base 14?
-12
-2 (base 12) to base 13
-2
Convert -2 (base 10) to base 6.
-2
What is 2 (base 5) in base 11?
2
c (base 15) to base 8
14
-10011011 (base 2) to base 15
-a5
-1 (base 13) to base 9
-1
161 (base 7) to base 14
68
What is -7 (base 16) in base 14?
-7
3 (base 6) to base 16
3
Convert 5d (base 14) to base 2.
1010011
Convert 4 (base 13) to base 9.
4
What is -2 (base 14) in base 15?
-2
Convert 20 (base 14) to base 9.
31
What is -13 (base 9) in base 12?
-10
What is 0 (base 6) in base 12?
0
10001110 (base 2) to base 16
8e
Convert -11 (base 4) to base 11.
-5
What is -2 (base 9) in base 4?
-2
Convert -543 (base 6) to base 15.
-dc
212 (base 4) to base 7
53
What is -20 (base 5) in base 7?
-13
What is 1 (base 4) in base 9?
1
What is -11 (base 5) in base 14?
-6
14 (base 7) to base 14
b
-3 (base 15) to base 3
-10
What is -4 (base 14) in base 5?
-4
What is 14 (base 5) in base 9?
10
-71 (base 8) to base 15
-3c
What is -367 (base 8) in base 11?
-205
-3 (base 9) to base 12
-3
-2 (base 14) to base 4
-2
Convert -34 (base 11) to base 14.
-29
What is 7 (base 14) in base 4?
13
110000 (base 2) to base 16
30
5 (base 7) to base 15
5
What is -11 (base 10) in base 13?
-b
Convert 4 (base 5) to base 14.
4
30 (base 6) to base 9
20
What is -111 (base 6) in base 16?
-2b
-45 (base 13) to base 14
-41
34 (base 5) to base 16
13
65 (base 11) to base 16
47
What is -2 (base 8) in base 4?
-2
Convert 19 (base 16) to base 15.
1a
Convert -20 (base 11) to base 13.
-19
What is -14 (base 10) in base 7?
-20
-2c (base 15) to base 16
-2a
-76 (base 14) to base 15
-6e
Convert 100010 (base 2) to base 13.
28
What is -1 (base 5) in base 13?
-1
Convert -31 (base 5) to base 16.
-10
Convert 5 (base 14) to base 3.
12
Convert -40 (base 9) to base 13.
-2a
What is 31 (base 7) in base 15?
17
What is -1213 (base 5) in base 16?
-b7
12 (base 11) to base 6
21
What is 0 (base 10) in base 8?
0
-21 (base 6) to base 8
-15
-158 (base 13) to base 12
-182
-20 (base 4) to base 8
-10
What is -2 (base 15) in base 3?
-2
Convert -104 (base 5) to base 9.
-32
What is -101 (base 2) in base 10?
-5
-233 (base 4) to base 9
-52
Convert 1 (base 2) to base 11.
1
-19 (base 14) to base 6
-35
What is 3 (base 5) in base 7?
3
3 (base 16) to base 12
3
Convert 18 (base 9) to base 16.
11
4 (base 8) to base 15
4
Convert 92 (base 14) to base 4.
2000
What is 2 (base 16) in base 7?
2
What is -1101 (base 2) in base 13?
-10
-7 (base 13) to base 14
-7
0 (base 14) to base 4
0
What is -cc (base 14) in base 2?
-10110100
What is 12 (base 8) in base 9?
11
Convert -1 (base 7) to base 15.
-1
-4 (base 7) to base 5
-4
28 (base 10) to base 4
130
Convert -132 (base 4) to base 2.
-11110
6 (base 10) to base 5
11
114 (base 11) to base 5
1021
Convert 10 (base 4) to base 10.
4
2 (base 16) to base 14
2
253 (base 7) to base 9
161
Convert 26 (base 15) to base 13.
2a
What is 174 (base 9) in base 15?
9d
What is -1210 (base 4) in base 14?
-72
What is -a5 (base 14) in base 11?
-122
13 (base 5) to base 7
11
Convert 56 (base 15) to base 4.
1101
What is 160 (base 11) in base 3?
20221
What is -4 (base 11) in base 4?
-10
Convert 0 (base 4) to base 10.
0
-80 (base 11) to base 6
-224
0 (base 12) to base 5
0
Convert -5 (base 11) to base 15.
-5
-b (base 14) to base 2
-1011
What is -2204 (base 5) in base 2?
-100110000
What is -7 (base 12) in base 6?
-11
What is -7 (base 11) in base 14?
-7
-9 (base 12) to base 14
-9
What is -45 (base 13) in base 15?
-3c
Convert -e (base 15) to base 5.
-24
Convert ab (base 14) to base 7.
304
What is -6 (base 13) in base 6?
-10
Convert -141 (base 7) to base 9.
-86
11 (base 12) to base 5
23
What is 1 (base 9) in base 3?
1
0 (base 8) to base 10
0
Convert -4 (base 13) to base 16.
-4
What is -7 (base 10) in base 8?
-7
Convert 41 (base 7) to base 12.
25
Convert 120 (base 4) to base 11.
22
What is -101111 (base 2) in base 14?
-35
What is 10010111 (base 2) in base 15?
a1
-10 (base 8) to base 14
-8
6d (base 16) to base 10
109
-6 (base 10) to base 8
-6
Convert -13 (base 8) to base 6.
-15
Convert 4 (base 8) to base 13.
4
What is -2 (base 14) in base 13?
-2
0 (base 13) to base 7
0
Convert 1 (base 4) to base 2.
1
111 (base 6) to base 13
34
What is 14 (base 7) in base 3?
102
2 (base 15) to base 12
2
What is 3 (base 12) in base 14?
3
Convert -1221 (base 3) to base 15.
-37
Convert 1a (base 11) to base 9.
23
19 (base 12) to base 8
25
What is -1033 (base 4) in base 11?
-72
Convert -1 (base 9) to base 13.
-1
What is -41 (base 13) in base 15?
-38
Convert 15 (base 8) to base 16.
d
5 (base 6) to base 5
10
Convert 64 (base 13) to base 9.
101
What is -5f (base 16) in base 15?
-65
-3 (base 15) to base 6
-3
Convert -12021 (base 3) to base 8.
-216
What is -190 (base 15) in base 8?
-550
1 (base 3) to base 13
1
Convert -53 (base 10) to base 16.
-35
100011 (base 2) to base 8
43
What is c (base 14) in base 15?
c
Convert 71 (base 8) to base 11.
52
Convert -14 (base 14) to base 16.
-12
-11 (base 2) to base 11
-3
-18 (base 16) to base 15
-19
Convert -110 (base 7) to base 14.
-40
-3 (base 13) to base 8
-3
Convert -5 (base 10) to base 5.
-10
-110 (base 3) to base 14
-c
Convert -110 (base 5) to base 14.
-22
Convert -2b (base 14) to base 15.
-29
10 (base 8) to base 3
22
-1 (base 2) to base 16
-1
112 (base 4) to base 3
211
Convert 17 (base 13) to base 10.
20
What is 12a (base 14) in base